{"id":174,"date":"2019-01-10T16:23:50","date_gmt":"2019-01-10T13:23:50","guid":{"rendered":"http:\/\/unitedcyprus.org\/?page_id=174"},"modified":"2025-12-02T14:35:30","modified_gmt":"2025-12-02T11:35:30","slug":"haberler","status":"publish","type":"page","link":"http:\/\/ktgormezlerdernegi.org\/?page_id=174","title":{"rendered":"Haberler"},"content":{"rendered":"\t\t<div data-elementor-type=\"wp-post\" data-elementor-id=\"174\" class=\"elementor elementor-174 elementor-bc-flex-widget\" data-elementor-settings=\"[]\">\n\t\t\t<div class=\"elementor-inner\">\n\t\t\t\t<div class=\"elementor-section-wrap\">\n\t\t\t\t\t\t\t<section class=\"elementor-element elementor-element-5ed8f00 elementor-section-boxed elementor-section-height-default elementor-section-height-default elementor-section elementor-top-section\" data-id=\"5ed8f00\" data-element_type=\"section\">\n\t\t\t\t\t\t<div class=\"elementor-container elementor-column-gap-default\">\n\t\t\t\t<div class=\"elementor-row\">\n\t\t\t\t<div class=\"elementor-element elementor-element-0d0ea63 elementor-column elementor-col-100 elementor-top-column\" data-id=\"0d0ea63\" data-element_type=\"column\">\n\t\t\t<div class=\"elementor-column-wrap  elementor-element-populated\">\n\t\t\t\t\t<div class=\"elementor-widget-wrap\">\n\t\t\t\t<div class=\"elementor-element elementor-element-c97e2cd elementor-widget elementor-widget-heading\" data-id=\"c97e2cd\" data-element_type=\"widget\" data-widget_type=\"heading.default\">\n\t\t\t\t<div class=\"elementor-widget-container\">\n\t\t\t<h2 class=\"elementor-heading-title elementor-size-default\">Haberler<\/h2>\t\t<\/div>\n\t\t\t\t<\/div>\n\t\t\t\t<div class=\"elementor-element elementor-element-99537f9 elementor-widget elementor-widget-text-editor\" data-id=\"99537f9\" data-element_type=\"widget\" data-widget_type=\"text-editor.default\">\n\t\t\t\t<div class=\"elementor-widget-container\">\n\t\t\t\t\t<div class=\"elementor-text-editor elementor-clearfix\"><style>.wp-show-posts-columns#wpsp-281 {margin-left: -2em; }.wp-show-posts-columns#wpsp-281 .wp-show-posts-inner {margin: 0 0 2em 2em; }<\/style><section id=\"wpsp-281\" class=\" wp-show-posts\" style=\"\"><article class=\" wp-show-posts-single wpsp-clearfix post-1377 post type-post status-publish format-standard hentry category-duyurular category-genel category-haberler\" itemtype=\"http:\/\/schema.org\/CreativeWork\" itemscope><div class=\"wp-show-posts-inner\" style=\"\">\t\t\t\t\t\t<header class=\"wp-show-posts-entry-header\">\n\t\t\t\t\t\t\t<h2 class=\"wp-show-posts-entry-title\" itemprop=\"headline\"><a href=\"http:\/\/ktgormezlerdernegi.org\/?p=1377\" rel=\"bookmark\">K\u0131br\u0131s T\u00fcrk G\u00f6rmezler Derne\u011fi Piyangosu \u00c7ekildi<\/a><\/h2>\t\t\t\t\t\t<\/header><!-- .entry-header -->\n\t\t\t\t\t\t\t\t\t\t\t<div class=\"wp-show-posts-entry-summary\" itemprop=\"text\">\n\t\t\t\t\t\t\t<p>30.12.2025 tarihinde BRT TV st\u00fcdyolar\u0131nda saat 10:00\u2019da Noter Mehmet Bozanlar&#8230;<\/p>\n\t\t\t\t\t\t<\/div><!-- .entry-summary -->\n\t\t\t\t\t<div class=\"wpsp-read-more\"><a title=\"K\u0131br\u0131s T\u00fcrk G\u00f6rmezler Derne\u011fi Piyangosu \u00c7ekildi\" class=\"wp-show-posts-read-more\" href=\"http:\/\/ktgormezlerdernegi.org\/?p=1377\">Devam\u0131&#8230;.<\/a><\/div><\/div><!-- wp-show-posts-inner --><div class=\"wpsp-clear\"><\/div><\/article><article class=\" wp-show-posts-single wpsp-clearfix post-1369 post type-post status-publish format-standard hentry category-haberler\" itemtype=\"http:\/\/schema.org\/CreativeWork\" itemscope><div class=\"wp-show-posts-inner\" style=\"\">\t\t\t\t\t\t<header class=\"wp-show-posts-entry-header\">\n\t\t\t\t\t\t\t<h2 class=\"wp-show-posts-entry-title\" itemprop=\"headline\"><a href=\"http:\/\/ktgormezlerdernegi.org\/?p=1369\" rel=\"bookmark\">Haberler<\/a><\/h2>\t\t\t\t\t\t<\/header><!-- .entry-header -->\n\t\t\t\t\t\t\t\t\t\t\t<div class=\"wp-show-posts-entry-summary\" itemprop=\"text\">\n\t\t\t\t\t\t\t<p>3 Aral\u0131k D\u00fcnya Engelliler ve Dayan\u0131\u015fma G\u00fcn\u00fc m\u00fcnasebeti ile K\u0131br\u0131s&#8230;<\/p>\n\t\t\t\t\t\t<\/div><!-- .entry-summary -->\n\t\t\t\t\t<div class=\"wpsp-read-more\"><a title=\"Haberler\" class=\"wp-show-posts-read-more\" href=\"http:\/\/ktgormezlerdernegi.org\/?p=1369\">Devam\u0131&#8230;.<\/a><\/div><\/div><!-- wp-show-posts-inner --><div class=\"wpsp-clear\"><\/div><\/article><article class=\" wp-show-posts-single wpsp-clearfix post-1365 post type-post status-publish format-standard hentry category-haberler\" itemtype=\"http:\/\/schema.org\/CreativeWork\" itemscope><div class=\"wp-show-posts-inner\" style=\"\">\t\t\t\t\t\t<header class=\"wp-show-posts-entry-header\">\n\t\t\t\t\t\t\t<h2 class=\"wp-show-posts-entry-title\" itemprop=\"headline\"><a href=\"http:\/\/ktgormezlerdernegi.org\/?p=1365\" rel=\"bookmark\">Haberler<\/a><\/h2>\t\t\t\t\t\t<\/header><!-- .entry-header -->\n\t\t\t\t\t\t\t\t\t\t\t<div class=\"wp-show-posts-entry-summary\" itemprop=\"text\">\n\t\t\t\t\t\t\t<p>\u00c7al\u0131\u015fma ve Sosyal G\u00fcvenlik Bakan\u0131 SN. O\u011eUZHAN HAS\u0130PO\u011eLU, 3 Aral\u0131k&#8230;<\/p>\n\t\t\t\t\t\t<\/div><!-- .entry-summary -->\n\t\t\t\t\t<div class=\"wpsp-read-more\"><a title=\"Haberler\" class=\"wp-show-posts-read-more\" href=\"http:\/\/ktgormezlerdernegi.org\/?p=1365\">Devam\u0131&#8230;.<\/a><\/div><\/div><!-- wp-show-posts-inner --><div class=\"wpsp-clear\"><\/div><\/article><article class=\" wp-show-posts-single wpsp-clearfix post-1361 post type-post status-publish format-standard hentry category-haberler\" itemtype=\"http:\/\/schema.org\/CreativeWork\" itemscope><div class=\"wp-show-posts-inner\" style=\"\">\t\t\t\t\t\t<header class=\"wp-show-posts-entry-header\">\n\t\t\t\t\t\t\t<h2 class=\"wp-show-posts-entry-title\" itemprop=\"headline\"><a href=\"http:\/\/ktgormezlerdernegi.org\/?p=1361\" rel=\"bookmark\">Haberler<\/a><\/h2>\t\t\t\t\t\t<\/header><!-- .entry-header -->\n\t\t\t\t\t\t\t\t\t\t\t<div class=\"wp-show-posts-entry-summary\" itemprop=\"text\">\n\t\t\t\t\t\t\t<p>3 Aral\u0131k D\u00fcnya Engelliler Dayan\u0131\u015fma G\u00fcn\u00fc kapsam\u0131nda K\u0131br\u0131s T\u00fcrk Engelliler&#8230;<\/p>\n\t\t\t\t\t\t<\/div><!-- .entry-summary -->\n\t\t\t\t\t<div class=\"wpsp-read-more\"><a title=\"Haberler\" class=\"wp-show-posts-read-more\" href=\"http:\/\/ktgormezlerdernegi.org\/?p=1361\">Devam\u0131&#8230;.<\/a><\/div><\/div><!-- wp-show-posts-inner --><div class=\"wpsp-clear\"><\/div><\/article><article class=\" wp-show-posts-single wpsp-clearfix post-1359 post type-post status-publish format-standard hentry category-haberler\" itemtype=\"http:\/\/schema.org\/CreativeWork\" itemscope><div class=\"wp-show-posts-inner\" style=\"\">\t\t\t\t\t\t<header class=\"wp-show-posts-entry-header\">\n\t\t\t\t\t\t\t<h2 class=\"wp-show-posts-entry-title\" itemprop=\"headline\"><a href=\"http:\/\/ktgormezlerdernegi.org\/?p=1359\" rel=\"bookmark\">Haberler<\/a><\/h2>\t\t\t\t\t\t<\/header><!-- .entry-header -->\n\t\t\t\t\t\t\t\t\t\t\t<div class=\"wp-show-posts-entry-summary\" itemprop=\"text\">\n\t\t\t\t\t\t\t<p>K\u0131br\u0131s T\u00fcrk Engelliler Federasyonu Ba\u015fkan\u0131 Dervi\u015f Y\u00fccet\u00fcrk\u2019\u00fcn Bas\u0131n Bildirisi; Engelliler&#8230;<\/p>\n\t\t\t\t\t\t<\/div><!-- .entry-summary -->\n\t\t\t\t\t<div class=\"wpsp-read-more\"><a title=\"Haberler\" class=\"wp-show-posts-read-more\" href=\"http:\/\/ktgormezlerdernegi.org\/?p=1359\">Devam\u0131&#8230;.<\/a><\/div><\/div><!-- wp-show-posts-inner --><div class=\"wpsp-clear\"><\/div><\/article><article class=\" wp-show-posts-single wpsp-clearfix post-1357 post type-post status-publish format-standard hentry category-haberler\" itemtype=\"http:\/\/schema.org\/CreativeWork\" itemscope><div class=\"wp-show-posts-inner\" style=\"\">\t\t\t\t\t\t<header class=\"wp-show-posts-entry-header\">\n\t\t\t\t\t\t\t<h2 class=\"wp-show-posts-entry-title\" itemprop=\"headline\"><a href=\"http:\/\/ktgormezlerdernegi.org\/?p=1357\" rel=\"bookmark\">Haberler<\/a><\/h2>\t\t\t\t\t\t<\/header><!-- .entry-header -->\n\t\t\t\t\t\t\t\t\t\t\t<div class=\"wp-show-posts-entry-summary\" itemprop=\"text\">\n\t\t\t\t\t\t\t<p>KIBRIS T\u00dcRK ENGELL\u0130LER FEDERASYONU\u2019NUN 3 ARALIK D\u00dcNYA ENGELL\u0130LER DAYANI\u015eMA G\u00dcN\u00dc&#8230;<\/p>\n\t\t\t\t\t\t<\/div><!-- .entry-summary -->\n\t\t\t\t\t<div class=\"wpsp-read-more\"><a title=\"Haberler\" class=\"wp-show-posts-read-more\" href=\"http:\/\/ktgormezlerdernegi.org\/?p=1357\">Devam\u0131&#8230;.<\/a><\/div><\/div><!-- wp-show-posts-inner --><div class=\"wpsp-clear\"><\/div><\/article><article class=\" wp-show-posts-single wpsp-clearfix post-1348 post type-post status-publish format-standard hentry category-duyurular category-genel category-haberler\" itemtype=\"http:\/\/schema.org\/CreativeWork\" itemscope><div class=\"wp-show-posts-inner\" style=\"\">\t\t\t\t\t\t<header class=\"wp-show-posts-entry-header\">\n\t\t\t\t\t\t\t<h2 class=\"wp-show-posts-entry-title\" itemprop=\"headline\"><a href=\"http:\/\/ktgormezlerdernegi.org\/?p=1348\" rel=\"bookmark\">K\u0131br\u0131s T\u00fcrk G\u00f6rmezler Derne\u011fi Misafirhanesinde Konaklama \u0130mkan\u0131 Sizleri Bekliyor&#8230;.<\/a><\/h2>\t\t\t\t\t\t<\/header><!-- .entry-header -->\n\t\t\t\t\t\t\t\t\t\t\t<div class=\"wp-show-posts-entry-summary\" itemprop=\"text\">\n\t\t\t\t\t\t\t<p>Tek ki\u015filik odalarda konaklama gecelik fiyat\u0131 2.000 Tl +depozito iki&#8230;<\/p>\n\t\t\t\t\t\t<\/div><!-- .entry-summary -->\n\t\t\t\t\t<div class=\"wpsp-read-more\"><a title=\"K\u0131br\u0131s T\u00fcrk G\u00f6rmezler Derne\u011fi Misafirhanesinde Konaklama \u0130mkan\u0131 Sizleri Bekliyor&#8230;.\" class=\"wp-show-posts-read-more\" href=\"http:\/\/ktgormezlerdernegi.org\/?p=1348\">Devam\u0131&#8230;.<\/a><\/div><\/div><!-- wp-show-posts-inner --><div class=\"wpsp-clear\"><\/div><\/article><article class=\" wp-show-posts-single wpsp-clearfix post-1344 post type-post status-publish format-standard hentry category-duyurular category-genel category-haberler\" itemtype=\"http:\/\/schema.org\/CreativeWork\" itemscope><div class=\"wp-show-posts-inner\" style=\"\">\t\t\t\t\t\t<header class=\"wp-show-posts-entry-header\">\n\t\t\t\t\t\t\t<h2 class=\"wp-show-posts-entry-title\" itemprop=\"headline\"><a href=\"http:\/\/ktgormezlerdernegi.org\/?p=1344\" rel=\"bookmark\">K\u0131br\u0131s T\u00fcrk Engelliler Federasyonu 14. Ola\u011fan Genel Kurul Toplant\u0131s\u0131 Ger\u00e7ekle\u015ftirildi.<\/a><\/h2>\t\t\t\t\t\t<\/header><!-- .entry-header -->\n\t\t\t\t\t\t\t\t\t\t\t<div class=\"wp-show-posts-entry-summary\" itemprop=\"text\">\n\t\t\t\t\t\t\t<p>&nbsp;&nbsp;&nbsp;&nbsp;&nbsp;&nbsp;&nbsp;&nbsp;&nbsp;&nbsp;&nbsp;&nbsp;&nbsp;&nbsp;&nbsp;&nbsp;&nbsp;&nbsp;&nbsp;&nbsp;&nbsp;&nbsp;&nbsp;&nbsp;&nbsp;&nbsp;&nbsp;&nbsp;&nbsp;&nbsp;&nbsp;&nbsp;&nbsp;&nbsp;&nbsp;&nbsp;&nbsp;&nbsp;&nbsp;&nbsp;&nbsp;&nbsp;&nbsp;&nbsp;&nbsp;&nbsp;&nbsp;&nbsp;&nbsp;&nbsp;&nbsp;&nbsp;&nbsp;&nbsp;&nbsp;&nbsp;&nbsp;&nbsp;&nbsp;&nbsp;&nbsp;&nbsp;&nbsp;&nbsp;&nbsp;&nbsp;&nbsp;&nbsp;&nbsp;&nbsp;&nbsp;&nbsp;&nbsp;&nbsp;&nbsp;&nbsp;&nbsp;&nbsp;&nbsp;&nbsp;&nbsp;&nbsp;&nbsp;&nbsp;&nbsp;&nbsp;&nbsp;&nbsp;&nbsp;&nbsp;&nbsp;&nbsp;&nbsp;&nbsp;&nbsp;&nbsp;&nbsp; 05.07.2025 K\u0131br\u0131s T\u00fcrk Engelliler Federasyonu 14. Ola\u011fan Genel Kurul&#8230;<\/p>\n\t\t\t\t\t\t<\/div><!-- .entry-summary -->\n\t\t\t\t\t<div class=\"wpsp-read-more\"><a title=\"K\u0131br\u0131s T\u00fcrk Engelliler Federasyonu 14. Ola\u011fan Genel Kurul Toplant\u0131s\u0131 Ger\u00e7ekle\u015ftirildi.\" class=\"wp-show-posts-read-more\" href=\"http:\/\/ktgormezlerdernegi.org\/?p=1344\">Devam\u0131&#8230;.<\/a><\/div><\/div><!-- wp-show-posts-inner --><div class=\"wpsp-clear\"><\/div><\/article><article class=\" wp-show-posts-single wpsp-clearfix post-1341 post type-post status-publish format-standard hentry category-duyurular category-genel category-haberler\" itemtype=\"http:\/\/schema.org\/CreativeWork\" itemscope><div class=\"wp-show-posts-inner\" style=\"\">\t\t\t\t\t\t<header class=\"wp-show-posts-entry-header\">\n\t\t\t\t\t\t\t<h2 class=\"wp-show-posts-entry-title\" itemprop=\"headline\"><a href=\"http:\/\/ktgormezlerdernegi.org\/?p=1341\" rel=\"bookmark\">K\u0131br\u0131s T\u00fcrk G\u00f6rmezler Derne\u011fi&#8217;nin 19. ola\u011fan Genel Kurul Toplant\u0131s\u0131 21.06.2025 Tarihinde ger\u00e7ekle\u015ftirilmi\u015ftir. Tekrardan Ba\u015fkanl\u0131\u011fa oy birli\u011fi ile DERV\u0130\u015e Y\u00dcCET\u00dcRK getirilmi\u015ftir.<\/a><\/h2>\t\t\t\t\t\t<\/header><!-- .entry-header -->\n\t\t\t\t\t\t\t\t\t\t\t<div class=\"wp-show-posts-entry-summary\" itemprop=\"text\">\n\t\t\t\t\t\t\t<p>T\u00fcz\u00fck ger\u011fince, 2 y\u0131lda bir yap\u0131lan ola\u011fan kurul toplant\u0131s\u0131 19.sunu&#8230;<\/p>\n\t\t\t\t\t\t<\/div><!-- .entry-summary -->\n\t\t\t\t\t<div class=\"wpsp-read-more\"><a title=\"K\u0131br\u0131s T\u00fcrk G\u00f6rmezler Derne\u011fi&#8217;nin 19. ola\u011fan Genel Kurul Toplant\u0131s\u0131 21.06.2025 Tarihinde ger\u00e7ekle\u015ftirilmi\u015ftir. Tekrardan Ba\u015fkanl\u0131\u011fa oy birli\u011fi ile DERV\u0130\u015e Y\u00dcCET\u00dcRK getirilmi\u015ftir.\" class=\"wp-show-posts-read-more\" href=\"http:\/\/ktgormezlerdernegi.org\/?p=1341\">Devam\u0131&#8230;.<\/a><\/div><\/div><!-- wp-show-posts-inner --><div class=\"wpsp-clear\"><\/div><\/article><article class=\" wp-show-posts-single wpsp-clearfix post-1332 post type-post status-publish format-standard hentry category-duyurular category-genel category-haberler\" itemtype=\"http:\/\/schema.org\/CreativeWork\" itemscope><div class=\"wp-show-posts-inner\" style=\"\">\t\t\t\t\t\t<header class=\"wp-show-posts-entry-header\">\n\t\t\t\t\t\t\t<h2 class=\"wp-show-posts-entry-title\" itemprop=\"headline\"><a href=\"http:\/\/ktgormezlerdernegi.org\/?p=1332\" rel=\"bookmark\">10-16 MAYIS D\u00dcNYA ENGELL\u0130LER HAFTASI \u0130STEM PAKET\u0130.<\/a><\/h2>\t\t\t\t\t\t<\/header><!-- .entry-header -->\n\t\t\t\t\t\t\t\t\t\t\t<div class=\"wp-show-posts-entry-summary\" itemprop=\"text\">\n\t\t\t\t\t\t\t<p>09.05.2025 K\u0131br\u0131s T\u00fcrk Engelliler Federasyonu Y\u00f6netim Kurulu\u2019nun, alm\u0131\u015f oldu\u011fu bir&#8230;<\/p>\n\t\t\t\t\t\t<\/div><!-- .entry-summary -->\n\t\t\t\t\t<div class=\"wpsp-read-more\"><a title=\"10-16 MAYIS D\u00dcNYA ENGELL\u0130LER HAFTASI \u0130STEM PAKET\u0130.\" class=\"wp-show-posts-read-more\" href=\"http:\/\/ktgormezlerdernegi.org\/?p=1332\">Devam\u0131&#8230;.<\/a><\/div><\/div><!-- wp-show-posts-inner --><div class=\"wpsp-clear\"><\/div><\/article><\/section><!-- .wp-show-posts --><div class=\"wpsp-load-more\"><span aria-current=\"page\" class=\"page-numbers current\">1<\/span>\n<a class=\"page-numbers\" href=\"http:\/\/ktgormezlerdernegi.org\/index.php\/?paged=2&#038;rest_route=%2Fwp%2Fv2%2Fpages%2F174\">2<\/a>\n<span class=\"page-numbers dots\">&hellip;<\/span>\n<a class=\"page-numbers\" href=\"http:\/\/ktgormezlerdernegi.org\/index.php\/?paged=10&#038;rest_route=%2Fwp%2Fv2%2Fpages%2F174\">10<\/a>\n<a class=\"next page-numbers\" href=\"http:\/\/ktgormezlerdernegi.org\/index.php\/?paged=2&#038;rest_route=%2Fwp%2Fv2%2Fpages%2F174\">Next &rarr;<\/a><\/div><\/div>\n\t\t\t\t<\/div>\n\t\t\t\t<\/div>\n\t\t\t\t\t\t<\/div>\n\t\t\t<\/div>\n\t\t<\/div>\n\t\t\t\t\t\t<\/div>\n\t\t\t<\/div>\n\t\t<\/section>\n\t\t\t\t\t\t<\/div>\n\t\t\t<\/div>\n\t\t<\/div>\n\t\t","protected":false},"excerpt":{"rendered":"<p>KIBRIS T\u00dcRK ENGELL\u0130LER FEDERASYONU\u2019NUN 3 ARALIK D\u00dcNYA ENGELL\u0130LER DAYANI\u015eMA G\u00dcN\u00dc ETK\u0130NL\u0130KLER PROGRAMI; 3 ARALIK \u00c7AR\u015eAMBA K\u0131br\u0131s T\u00fcrk Engelliler Federasyonu Ba\u015fkan\u0131&nbsp; Sn.DERV\u0130\u015e Y\u00dcCET\u00dcRK \u2019\u00fcn g\u00fcn ile ilgili bas\u0131n bildirisi yay\u0131nlanacakt\u0131r. Not: G\u00fcn ile ilgili ger\u00e7ekle\u015ftirilecek di\u011fer etkinlikler ek programla sizlere bildirilecektir. . &nbsp;&nbsp;&nbsp;&nbsp;&nbsp;&nbsp;&nbsp;&nbsp;&nbsp;&nbsp;&nbsp;&nbsp;&nbsp;&nbsp;&nbsp;&nbsp;&nbsp;&nbsp;&nbsp;&nbsp;&nbsp;&nbsp;&nbsp;&nbsp;&nbsp;&nbsp;&nbsp;&nbsp;&nbsp;&nbsp;&nbsp;&nbsp;&nbsp;&nbsp;&nbsp;&nbsp;&nbsp;&nbsp;&nbsp;&nbsp;&nbsp;&nbsp;&nbsp;&nbsp;&nbsp;&nbsp;&nbsp;&nbsp;&nbsp;&nbsp;&nbsp;&nbsp;&nbsp;&nbsp;&nbsp;&nbsp;&nbsp;&nbsp;&nbsp;&nbsp;&nbsp;&nbsp;&nbsp;&nbsp;&nbsp;&nbsp;&nbsp;&nbsp;&nbsp;&nbsp;&nbsp;&nbsp;&nbsp; &nbsp;&nbsp;&nbsp;&nbsp;&nbsp;&nbsp;&nbsp;&nbsp;&nbsp;&nbsp;&nbsp;&nbsp;&nbsp;&nbsp;&nbsp;&nbsp;&nbsp;&nbsp;&nbsp;&nbsp;&nbsp;&nbsp;&nbsp;&nbsp;&nbsp;&nbsp;&nbsp;&nbsp;&nbsp;&nbsp;&nbsp;&nbsp;&nbsp;&nbsp;&nbsp;&nbsp;&nbsp;&nbsp;&nbsp;&nbsp;&nbsp;&nbsp;&nbsp;&nbsp;&nbsp;&nbsp;&nbsp;&nbsp;&nbsp;&nbsp;&nbsp;&nbsp; &nbsp;&nbsp;&nbsp;&nbsp;&nbsp;&nbsp;&nbsp;&nbsp;&nbsp;&nbsp;&nbsp;&nbsp;&nbsp;&nbsp;&nbsp;&nbsp;&nbsp;&nbsp;&nbsp;&nbsp;&nbsp;&nbsp;&nbsp;&nbsp;&nbsp;&nbsp;&nbsp;&nbsp;&nbsp;&nbsp;&nbsp;K\u0131br\u0131s T\u00fcrk Engelliler Federasyonu Ba\u015fkan\u0131 \u00a0\u00a0\u00a0\u00a0\u00a0\u00a0\u00a0\u00a0\u00a0\u00a0\u00a0\u00a0\u00a0\u00a0\u00a0\u00a0\u00a0\u00a0\u00a0\u00a0\u00a0\u00a0\u00a0\u00a0\u00a0\u00a0\u00a0\u00a0\u00a0\u00a0\u00a0\u00a0\u00a0\u00a0\u00a0\u00a0\u00a0\u00a0\u00a0\u00a0\u00a0\u00a0\u00a0\u00a0\u00a0\u00a0\u00a0\u00a0\u00a0\u00a0\u00a0\u00a0\u00a0\u00a0\u00a0\u00a0\u00a0\u00a0\u00a0\u00a0\u00a0\u00a0\u00a0\u00a0\u00a0\u00a0\u00a0\u00a0\u00a0\u00a0\u00a0\u00a0\u00a0\u00a0\u00a0 \u00a0\u00a0\u00a0\u00a0 Dervi\u015f Y\u00dcCET\u00dcRK<\/p>\n","protected":false},"author":1,"featured_media":0,"parent":0,"menu_order":0,"comment_status":"closed","ping_status":"closed","template":"elementor_header_footer","meta":{"footnotes":""},"class_list":["post-174","page","type-page","status-publish","hentry"],"_links":{"self":[{"href":"http:\/\/ktgormezlerdernegi.org\/index.php?rest_route=\/wp\/v2\/pages\/174","targetHints":{"allow":["GET"]}}],"collection":[{"href":"http:\/\/ktgormezlerdernegi.org\/index.php?rest_route=\/wp\/v2\/pages"}],"about":[{"href":"http:\/\/ktgormezlerdernegi.org\/index.php?rest_route=\/wp\/v2\/types\/page"}],"author":[{"embeddable":true,"href":"http:\/\/ktgormezlerdernegi.org\/index.php?rest_route=\/wp\/v2\/users\/1"}],"replies":[{"embeddable":true,"href":"http:\/\/ktgormezlerdernegi.org\/index.php?rest_route=%2Fwp%2Fv2%2Fcomments&post=174"}],"version-history":[{"count":6,"href":"http:\/\/ktgormezlerdernegi.org\/index.php?rest_route=\/wp\/v2\/pages\/174\/revisions"}],"predecessor-version":[{"id":1356,"href":"http:\/\/ktgormezlerdernegi.org\/index.php?rest_route=\/wp\/v2\/pages\/174\/revisions\/1356"}],"wp:attachment":[{"href":"http:\/\/ktgormezlerdernegi.org\/index.php?rest_route=%2Fwp%2Fv2%2Fmedia&parent=174"}],"curies":[{"name":"wp","href":"https:\/\/api.w.org\/{rel}","templated":true}]}}